{"id":16,"date":"2021-08-27T08:33:24","date_gmt":"2021-08-27T08:33:24","guid":{"rendered":"https:\/\/www.praktickylekarcernosice.cz\/?page_id=16"},"modified":"2025-01-22T10:22:29","modified_gmt":"2025-01-22T10:22:29","slug":"sluzby","status":"publish","type":"page","link":"https:\/\/www.praktickylekarcernosice.cz\/index.php\/sluzby\/","title":{"rendered":"Slu\u017eby"},"content":{"rendered":"\n<p><strong>Disponujeme modern\u00edm p\u0159\u00edstrojov\u00fdm vybaven\u00edm:<\/strong><br>&#8211; EKG (z\u00e1kladn\u00ed vy\u0161et\u0159ovac\u00ed metoda m\u011b\u0159en\u00ed srde\u010dn\u00ed aktivity)<br>&#8211; FOB test (test na p\u0159\u00edtomnost okultn\u00edho krv\u00e1cen\u00ed ze stolice)<br>&#8211; INR&nbsp; (monitorace \u00fa\u010dinnosti warfarinizace z kapky krve odebran\u00e9 z prstu)<br>&#8211; Oxymetr (m\u011b\u0159en\u00ed okysli\u010den\u00ed krve)- CRP (m\u011b\u0159en\u00ed z\u00e1n\u011btliv\u00fdch parametr\u016f z kapky krve)&nbsp;<br>&#8211; Glukometr (m\u011b\u0159en\u00ed hladiny cukru v krvi)\n&#8211; p\u0159\u00edstroj na m\u011b\u0159en\u00ed Glykovan\u00e9ho hemoglobinu v krvi\n&#8211; Cobash H p\u0159\u00edstroj na m\u011b\u0159en\u00ed Troponinu a D-dimeru v ordinaci<br><strong><br>Preventivn\u00ed prohl\u00eddky<\/strong><br>&#8211; poskytujeme&nbsp;kompletn\u00ed preventivn\u00ed prohl\u00eddky, ka\u017ed\u00fd pacient m\u00e1 n\u00e1rok ka\u017ed\u00e9 dva roky<br>\n&#8211; sou\u010d\u00e1st\u00ed preventivn\u00ed prohl\u00eddky je odebr\u00e1n\u00ed anamn\u00e9zy, klinick\u00e9 kompletn\u00ed vy\u0161et\u0159en\u00ed, v\u010d. zhodnocen\u00ed medikace a proveden\u00e9ho o\u010dkov\u00e1n\u00ed, d\u00e1le m\u011b\u0159en\u00ed&nbsp;krevn\u00edho tlaku a orienta\u010dn\u00ed zhodnocen\u00ed sluchu a zraku<br>&#8211; prev. prohl\u00eddka u \u017een (mammografie&nbsp;ka\u017ed\u00e9 2 roky nad 45let&nbsp;v\u011bku a d\u00e1le pravideln\u00e9 gynekologick\u00e9 vy\u0161et\u0159en\u00ed)<br>&#8211; prev. prohl\u00eddka u mu\u017e\u016f&nbsp;(nad 50 let odebr\u00e1n\u00ed markeru na prostatu &#8211; PSA)<br><br><strong>Test na okultn\u00ed krv\u00e1cen\u00ed&nbsp;ze stolice (prevence kolorekt\u00e1ln\u00edho karcinomu)<\/strong><br>&#8211; od 50 do 55 let v\u011bku ka\u017edoro\u010dn\u011b, nad 55let&nbsp;v\u011bku se toto vy\u0161et\u0159en\u00ed prov\u00e1d\u00ed ka\u017ed\u00e9 2 roky<br><br><strong>Kolonoskopie<\/strong><br>&#8211; mo\u017en\u00e9 absolvovat kolonoskopii&nbsp; preventivn\u011b, v p\u0159\u00edpad\u011b, \u017ee je vy\u0161et\u0159en\u00ed v po\u0159\u00e1dku dal\u0161\u00ed bude provedeno v odstupu 10ti let<br><br><strong>Pracovn\u011b l\u00e9ka\u0159sk\u00e9&nbsp;slu\u017eby<\/strong><br>&#8211; poskytujeme vy\u0161et\u0159en\u00ed p\u0159ed p\u0159ijet\u00edm do zam\u011bstn\u00e1n\u00ed<br><br><strong>O\u010dkov\u00e1n\u00ed<\/strong><br>&#8211; nab\u00edz\u00edme konzultaci, event objedn\u00e1n\u00ed a aplikaci jednotliv\u00fdch vakc\u00edn (viz.z\u00e1lo\u017eka o\u010dkov\u00e1n\u00ed)<\/p>\n","protected":false},"excerpt":{"rendered":"<p>Disponujeme modern\u00edm p\u0159\u00edstrojov\u00fdm vybaven\u00edm:&#8211; EKG (z\u00e1kladn\u00ed vy\u0161et\u0159ovac\u00ed metoda m\u011b\u0159en\u00ed srde\u010dn\u00ed aktivity)&#8211; FOB test (test na p\u0159\u00edtomnost okultn\u00edho krv\u00e1cen\u00ed ze stolice)&#8211; INR&nbsp; (monitorace \u00fa\u010dinnosti warfarinizace z kapky krve odebran\u00e9 z prstu)&#8211; Oxymetr (m\u011b\u0159en\u00ed okysli\u010den\u00ed krve)- CRP (m\u011b\u0159en\u00ed z\u00e1n\u011btliv\u00fdch parametr\u016f z kapky &#8230; <a class=\"more-link\" href=\"https:\/\/www.praktickylekarcernosice.cz\/index.php\/sluzby\/\">\u010c\u00edst v\u00edce &raquo;<\/a><\/p>\n","protected":false},"author":1,"featured_media":0,"parent":0,"menu_order":3,"comment_status":"closed","ping_status":"closed","template":"","meta":{"iawp_total_views":360,"footnotes":""},"class_list":["post-16","page","type-page","status-publish","hentry"],"yoast_head":"<!-- This site is optimized with the Yoast SEO Premium plugin v16.6 (Yoast SEO v16.6) - https:\/\/yoast.com\/wordpress\/plugins\/seo\/ -->\n<title>Slu\u017eby &ndash; MUDr. Renata Chmelkov\u00e1<\/title>\n<meta name=\"description\" content=\"%\" \/>\n<meta name=\"robots\" content=\"index, follow, max-snippet:-1, max-image-preview:large, max-video-preview:-1\" \/>\n<link rel=\"canonical\" href=\"https:\/\/www.praktickylekarcernosice.cz\/index.php\/sluzby\/\" \/>\n<meta property=\"og:locale\" content=\"cs_CZ\" \/>\n<meta property=\"og:type\" content=\"article\" \/>\n<meta property=\"og:title\" content=\"Slu\u017eby\" \/>\n<meta property=\"og:description\" content=\"%\" \/>\n<meta property=\"og:url\" content=\"https:\/\/www.praktickylekarcernosice.cz\/index.php\/sluzby\/\" \/>\n<meta property=\"og:site_name\" content=\"MUDr. Renata Chmelkov\u00e1\" \/>\n<meta property=\"article:modified_time\" content=\"2025-01-22T10:22:29+00:00\" \/>\n<meta name=\"twitter:card\" content=\"summary_large_image\" \/>\n<meta name=\"twitter:label1\" content=\"Odhadovan\u00e1 doba \u010dten\u00ed\" \/>\n\t<meta name=\"twitter:data1\" content=\"1 minuta\" \/>\n<script type=\"application\/ld+json\" class=\"yoast-schema-graph\">{\"@context\":\"https:\/\/schema.org\",\"@graph\":[{\"@type\":\"Organization\",\"@id\":\"https:\/\/www.praktickylekarcernosice.cz\/#organization\",\"name\":\"MUDr. Renata Pirun\\u010d\\u00edkov\\u00e1 \\u2013 Praktick\\u00fd l\\u00e9ka\\u0159 pro dosp\\u011bl\\u00e9, \\u010cerno\\u0161ice\",\"url\":\"https:\/\/www.praktickylekarcernosice.cz\/\",\"sameAs\":[],\"logo\":{\"@type\":\"ImageObject\",\"@id\":\"https:\/\/www.praktickylekarcernosice.cz\/#logo\",\"inLanguage\":\"cs\",\"url\":\"https:\/\/www.praktickylekarcernosice.cz\/wp-content\/uploads\/2025\/01\/logo.jpg\",\"contentUrl\":\"https:\/\/www.praktickylekarcernosice.cz\/wp-content\/uploads\/2025\/01\/logo.jpg\",\"width\":548,\"height\":116,\"caption\":\"MUDr. Renata Pirun\\u010d\\u00edkov\\u00e1 \\u2013 Praktick\\u00fd l\\u00e9ka\\u0159 pro dosp\\u011bl\\u00e9, \\u010cerno\\u0161ice\"},\"image\":{\"@id\":\"https:\/\/www.praktickylekarcernosice.cz\/#logo\"}},{\"@type\":\"WebSite\",\"@id\":\"https:\/\/www.praktickylekarcernosice.cz\/#website\",\"url\":\"https:\/\/www.praktickylekarcernosice.cz\/\",\"name\":\"MUDr. Renata Chmelkov\\u00e1\",\"description\":\"Praktick\\u00fd l\\u00e9ka\\u0159 \\u010cerno\\u0161ice\",\"publisher\":{\"@id\":\"https:\/\/www.praktickylekarcernosice.cz\/#organization\"},\"potentialAction\":[{\"@type\":\"SearchAction\",\"target\":{\"@type\":\"EntryPoint\",\"urlTemplate\":\"https:\/\/www.praktickylekarcernosice.cz\/?s={search_term_string}\"},\"query-input\":\"required name=search_term_string\"}],\"inLanguage\":\"cs\"},{\"@type\":\"WebPage\",\"@id\":\"https:\/\/www.praktickylekarcernosice.cz\/index.php\/sluzby\/#webpage\",\"url\":\"https:\/\/www.praktickylekarcernosice.cz\/index.php\/sluzby\/\",\"name\":\"Slu\\u017eby &ndash; MUDr. Renata Chmelkov\\u00e1\",\"isPartOf\":{\"@id\":\"https:\/\/www.praktickylekarcernosice.cz\/#website\"},\"datePublished\":\"2021-08-27T08:33:24+00:00\",\"dateModified\":\"2025-01-22T10:22:29+00:00\",\"description\":\"%\",\"breadcrumb\":{\"@id\":\"https:\/\/www.praktickylekarcernosice.cz\/index.php\/sluzby\/#breadcrumb\"},\"inLanguage\":\"cs\",\"potentialAction\":[{\"@type\":\"ReadAction\",\"target\":[\"https:\/\/www.praktickylekarcernosice.cz\/index.php\/sluzby\/\"]}]},{\"@type\":\"BreadcrumbList\",\"@id\":\"https:\/\/www.praktickylekarcernosice.cz\/index.php\/sluzby\/#breadcrumb\",\"itemListElement\":[{\"@type\":\"ListItem\",\"position\":1,\"name\":\"Home\",\"item\":\"https:\/\/www.praktickylekarcernosice.cz\/\"},{\"@type\":\"ListItem\",\"position\":2,\"name\":\"Slu\\u017eby\"}]}]}<\/script>\n<!-- \/ Yoast SEO Premium plugin. -->","_links":{"self":[{"href":"https:\/\/www.praktickylekarcernosice.cz\/index.php\/wp-json\/wp\/v2\/pages\/16","targetHints":{"allow":["GET"]}}],"collection":[{"href":"https:\/\/www.praktickylekarcernosice.cz\/index.php\/wp-json\/wp\/v2\/pages"}],"about":[{"href":"https:\/\/www.praktickylekarcernosice.cz\/index.php\/wp-json\/wp\/v2\/types\/page"}],"author":[{"embeddable":true,"href":"https:\/\/www.praktickylekarcernosice.cz\/index.php\/wp-json\/wp\/v2\/users\/1"}],"replies":[{"embeddable":true,"href":"https:\/\/www.praktickylekarcernosice.cz\/index.php\/wp-json\/wp\/v2\/comments?post=16"}],"version-history":[{"count":11,"href":"https:\/\/www.praktickylekarcernosice.cz\/index.php\/wp-json\/wp\/v2\/pages\/16\/revisions"}],"predecessor-version":[{"id":277,"href":"https:\/\/www.praktickylekarcernosice.cz\/index.php\/wp-json\/wp\/v2\/pages\/16\/revisions\/277"}],"wp:attachment":[{"href":"https:\/\/www.praktickylekarcernosice.cz\/index.php\/wp-json\/wp\/v2\/media?parent=16"}],"curies":[{"name":"wp","href":"https:\/\/api.w.org\/{rel}","templated":true}]}}